{"id":96,"date":"2018-11-02T14:10:25","date_gmt":"2018-11-02T13:10:25","guid":{"rendered":"http:\/\/www.chambreslesvignes.fr\/site_wordpress\/?page_id=96"},"modified":"2025-01-26T16:07:42","modified_gmt":"2025-01-26T15:07:42","slug":"nature","status":"publish","type":"page","link":"https:\/\/www.chambreslesvignes.fr\/index.php\/nature\/","title":{"rendered":"Nature"},"content":{"rendered":"<p><img loading=\"lazy\" decoding=\"async\" class=\"wp-image-275 alignleft\" src=\"https:\/\/www.chambreslesvignes.fr\/site_wordpress\/wp-content\/uploads\/2018\/12\/P1070414-300x225.jpg\" alt=\"\" width=\"375\" height=\"281\" srcset=\"https:\/\/www.chambreslesvignes.fr\/wp-content\/uploads\/2018\/12\/P1070414-300x225.jpg 300w, https:\/\/www.chambreslesvignes.fr\/wp-content\/uploads\/2018\/12\/P1070414-768x576.jpg 768w, https:\/\/www.chambreslesvignes.fr\/wp-content\/uploads\/2018\/12\/P1070414-1024x768.jpg 1024w\" sizes=\"auto, (max-width: 375px) 100vw, 375px\" \/><\/p>\n<p>D\u00e9cor\u00e9e en couleurs rappelant la terre, le bois, la neige&#8230; la chambre Nature est \u00e9quip\u00e9e avec douche et lavabo, le wc se trouve sur le palier.<\/p>\n<p>Cat\u00e9gorie: 2 \u00e9pis<\/p>\n<p>Pour 2 personnes<\/p>\n<p>Tarif 69 \u20ac<br \/>\nTaxe s\u00e9jour : 1 \u20ac pour deux adultes<\/p>\n<p><a href=\"https:\/\/www.chambreslesvignes.fr\/index.php\/album-nature\/\">Plus de photos&#8230;<\/a>&nbsp; &nbsp; &nbsp; &nbsp; &nbsp; &nbsp;<a href=\"https:\/\/www.chambreslesvignes.fr\/index.php\/famille\/\">Famille<\/a><\/p>\n","protected":false},"excerpt":{"rendered":"<p>D\u00e9cor\u00e9e en couleurs rappelant la terre, le bois, la neige&#8230; la chambre Nature est \u00e9quip\u00e9e avec douche et lavabo, le wc se trouve sur le palier. Cat\u00e9gorie: 2 \u00e9pis Pour 2 personnes Tarif 69 \u20ac Taxe s\u00e9jour : 1 \u20ac <a href=\"https:\/\/www.chambreslesvignes.fr\/index.php\/nature\/\"> Read more&#8230;<\/a><\/p>\n","protected":false},"author":1,"featured_media":0,"parent":0,"menu_order":0,"comment_status":"closed","ping_status":"closed","template":"","meta":{"ngg_post_thumbnail":0,"footnotes":""},"class_list":["post-96","page","type-page","status-publish","hentry"],"_links":{"self":[{"href":"https:\/\/www.chambreslesvignes.fr\/index.php\/wp-json\/wp\/v2\/pages\/96","targetHints":{"allow":["GET"]}}],"collection":[{"href":"https:\/\/www.chambreslesvignes.fr\/index.php\/wp-json\/wp\/v2\/pages"}],"about":[{"href":"https:\/\/www.chambreslesvignes.fr\/index.php\/wp-json\/wp\/v2\/types\/page"}],"author":[{"embeddable":true,"href":"https:\/\/www.chambreslesvignes.fr\/index.php\/wp-json\/wp\/v2\/users\/1"}],"replies":[{"embeddable":true,"href":"https:\/\/www.chambreslesvignes.fr\/index.php\/wp-json\/wp\/v2\/comments?post=96"}],"version-history":[{"count":9,"href":"https:\/\/www.chambreslesvignes.fr\/index.php\/wp-json\/wp\/v2\/pages\/96\/revisions"}],"predecessor-version":[{"id":568,"href":"https:\/\/www.chambreslesvignes.fr\/index.php\/wp-json\/wp\/v2\/pages\/96\/revisions\/568"}],"wp:attachment":[{"href":"https:\/\/www.chambreslesvignes.fr\/index.php\/wp-json\/wp\/v2\/media?parent=96"}],"curies":[{"name":"wp","href":"https:\/\/api.w.org\/{rel}","templated":true}]}}